{"id":231,"date":"2021-04-04T23:54:34","date_gmt":"2021-04-05T02:54:34","guid":{"rendered":"https:\/\/h1partners.com.br\/blog\/?page_id=231"},"modified":"2021-04-05T00:37:01","modified_gmt":"2021-04-05T03:37:01","slug":"conheca-a-h1-partners","status":"publish","type":"page","link":"https:\/\/h1partners.com.br\/blog\/conheca-a-h1-partners\/","title":{"rendered":"Conhe\u00e7a a H1 Partners"},"content":{"rendered":"\t\t<div data-elementor-type=\"wp-page\" data-elementor-id=\"231\" class=\"elementor elementor-231\" data-elementor-settings=\"[]\">\n\t\t\t\t\t\t<div class=\"elementor-inner\">\n\t\t\t\t\t\t\t<div class=\"elementor-section-wrap\">\n\t\t\t\t\t\t\t<section class=\"elementor-section elementor-top-section elementor-element elementor-element-365e5c29 elementor-section-boxed elementor-section-height-default elementor-section-height-default\" data-id=\"365e5c29\" data-element_type=\"section\">\n\t\t\t\t\t\t<div class=\"elementor-container elementor-column-gap-default\">\n\t\t\t\t\t\t\t<div class=\"elementor-row\">\n\t\t\t\t\t<div class=\"elementor-column elementor-col-100 elementor-top-column elementor-element elementor-element-17bbeb0e\" data-id=\"17bbeb0e\" data-element_type=\"column\">\n\t\t\t<div class=\"elementor-column-wrap elementor-element-populated\">\n\t\t\t\t\t\t\t<div class=\"elementor-widget-wrap\">\n\t\t\t\t\t\t<div class=\"elementor-element elementor-element-213d62a8 elementor-widget elementor-widget-text-editor\" data-id=\"213d62a8\" data-element_type=\"widget\" data-widget_type=\"text-editor.default\">\n\t\t\t\t<div class=\"elementor-widget-container\">\n\t\t\t\t\t<div class=\"elementor-text-editor elementor-clearfix\"><!-- wp:heading {\"level\":4} -->\n<h3>H1 Partners e C6 Bank<\/h3>\n<!-- \/wp:heading --><!-- wp:paragraph -->\n<p>A H1 Partners \u00e9 integrante do CONEX\u00c3O C6, programa exclusivo de distribui\u00e7\u00e3o de servi\u00e7os e produtos banc\u00e1rios para empresas e pessoas f\u00edsicas do C6 BANK.<\/p>\n<!-- \/wp:paragraph --><!-- wp:paragraph -->\n<p>Formada por profissionais especializados em servi\u00e7os financeiros e tecnologias digitais com mais de 20 anos de experi\u00eancia de mercado, visamos atender de forma exclusiva e especializada nossos clientes, oferecendo redu\u00e7\u00e3o de custos e desburocratiza\u00e7\u00e3o nas opera\u00e7\u00f5es banc\u00e1rias.<\/p>\n<!-- \/wp:paragraph --><!-- wp:paragraph -->\n<p>Nos baseamos no profissionalismo, na transpar\u00eancia, nas rela\u00e7\u00f5es \u201cganha-ganha\u201d e, principalmente na \u00e9tica, para atender nossos clientes da melhor maneira, apresentando-lhes as melhores solu\u00e7\u00f5es e os ajudando na tomada das decis\u00f5es referentes \u00e0s suas necessidades financeiras e banc\u00e1rias.<\/p>\n<!-- \/wp:paragraph --><\/div>\n\t\t\t\t<\/div>\n\t\t\t\t<\/div>\n\t\t\t\t\t\t<\/div>\n\t\t\t\t\t<\/div>\n\t\t<\/div>\n\t\t\t\t\t\t\t\t<\/div>\n\t\t\t\t\t<\/div>\n\t\t<\/section>\n\t\t\t\t<section class=\"elementor-section elementor-top-section elementor-element elementor-element-f44b8b8 elementor-section-boxed elementor-section-height-default elementor-section-height-default\" data-id=\"f44b8b8\" data-element_type=\"section\" id=\"page-equipe\">\n\t\t\t\t\t\t<div class=\"elementor-container elementor-column-gap-default\">\n\t\t\t\t\t\t\t<div class=\"elementor-row\">\n\t\t\t\t\t<div class=\"elementor-column elementor-col-100 elementor-top-column elementor-element elementor-element-63e1e68\" data-id=\"63e1e68\" data-element_type=\"column\">\n\t\t\t<div class=\"elementor-column-wrap elementor-element-populated\">\n\t\t\t\t\t\t\t<div class=\"elementor-widget-wrap\">\n\t\t\t\t\t\t<section class=\"elementor-section elementor-inner-section elementor-element elementor-element-9fab501 row single-item wow fadeInUp elementor-section-boxed elementor-section-height-default elementor-section-height-default\" data-id=\"9fab501\" data-element_type=\"section\">\n\t\t\t\t\t\t<div class=\"elementor-container elementor-column-gap-default\">\n\t\t\t\t\t\t\t<div class=\"elementor-row\">\n\t\t\t\t\t<div class=\"elementor-column elementor-col-33 elementor-inner-column elementor-element elementor-element-20aecbb\" data-id=\"20aecbb\" data-element_type=\"column\">\n\t\t\t<div class=\"elementor-column-wrap elementor-element-populated\">\n\t\t\t\t\t\t\t<div class=\"elementor-widget-wrap\">\n\t\t\t\t\t\t<div class=\"elementor-element elementor-element-127e454 member elementor-widget elementor-widget-image\" data-id=\"127e454\" data-element_type=\"widget\" data-widget_type=\"image.default\">\n\t\t\t\t<div class=\"elementor-widget-container\">\n\t\t\t\t\t<div class=\"elementor-image\">\n\t\t\t\t\t\t\t\t\t\t<img loading=\"lazy\" decoding=\"async\" width=\"150\" height=\"150\" src=\"https:\/\/h1partners.com.br\/blog\/wp-content\/uploads\/2021\/04\/home-team-giuliano-150x150.png\" class=\"attachment-thumbnail size-thumbnail\" alt=\"\" srcset=\"https:\/\/h1partners.com.br\/blog\/wp-content\/uploads\/2021\/04\/home-team-giuliano-150x150.png 150w, https:\/\/h1partners.com.br\/blog\/wp-content\/uploads\/2021\/04\/home-team-giuliano-80x80.png 80w, https:\/\/h1partners.com.br\/blog\/wp-content\/uploads\/2021\/04\/home-team-giuliano.png 153w\" sizes=\"auto, (max-width: 150px) 100vw, 150px\" \/>\t\t\t\t\t\t\t\t\t\t\t<\/div>\n\t\t\t\t<\/div>\n\t\t\t\t<\/div>\n\t\t\t\t<div class=\"elementor-element elementor-element-4e90cfc elementor-widget elementor-widget-heading\" data-id=\"4e90cfc\" data-element_type=\"widget\" data-widget_type=\"heading.default\">\n\t\t\t\t<div class=\"elementor-widget-container\">\n\t\t\t<h4 class=\"elementor-heading-title elementor-size-medium\">Giuliano Sarzana<\/h4>\t\t<\/div>\n\t\t\t\t<\/div>\n\t\t\t\t<div class=\"elementor-element elementor-element-b5c3e4e elementor-widget elementor-widget-text-editor\" data-id=\"b5c3e4e\" data-element_type=\"widget\" data-widget_type=\"text-editor.default\">\n\t\t\t\t<div class=\"elementor-widget-container\">\n\t\t\t\t\t<div class=\"elementor-text-editor elementor-clearfix\"><span>S\u00f3cio e Head de Marketing<\/span><\/div>\n\t\t\t\t<\/div>\n\t\t\t\t<\/div>\n\t\t\t\t\t\t<\/div>\n\t\t\t\t\t<\/div>\n\t\t<\/div>\n\t\t\t\t<div class=\"elementor-column elementor-col-66 elementor-inner-column elementor-element elementor-element-88dd206\" data-id=\"88dd206\" data-element_type=\"column\">\n\t\t\t<div class=\"elementor-column-wrap elementor-element-populated\">\n\t\t\t\t\t\t\t<div class=\"elementor-widget-wrap\">\n\t\t\t\t\t\t<div class=\"elementor-element elementor-element-d7b2e43 elementor-widget elementor-widget-text-editor\" data-id=\"d7b2e43\" data-element_type=\"widget\" data-widget_type=\"text-editor.default\">\n\t\t\t\t<div class=\"elementor-widget-container\">\n\t\t\t\t\t<div class=\"elementor-text-editor elementor-clearfix\"><p>Administrador com P\u00f3s Gradua\u00e7\u00e3o em Marketing e MBA em Gest\u00e3o Empresarial. Mais de 20 anos de experi\u00eancia, tendo passado pelo mundo corporativo e atingido cargo executivo em empresas como Telefonica, PwC e Bosch. Respons\u00e1vel pelo desenvolvimento de Novos Neg\u00f3cios e pela \u00e1rea de Marketing da H1 Partners.<\/p><\/div>\n\t\t\t\t<\/div>\n\t\t\t\t<\/div>\n\t\t\t\t<div class=\"elementor-element elementor-element-2f8bac0 elementor-widget elementor-widget-text-editor\" data-id=\"2f8bac0\" data-element_type=\"widget\" data-widget_type=\"text-editor.default\">\n\t\t\t\t<div class=\"elementor-widget-container\">\n\t\t\t\t\t<div class=\"elementor-text-editor elementor-clearfix\"><a href=\"https:\/\/br.linkedin.com\/in\/giulianosarzana\" target=\"_blank\" rel=\"noopener\">Linkedin<\/a><\/div>\n\t\t\t\t<\/div>\n\t\t\t\t<\/div>\n\t\t\t\t\t\t<\/div>\n\t\t\t\t\t<\/div>\n\t\t<\/div>\n\t\t\t\t\t\t\t\t<\/div>\n\t\t\t\t\t<\/div>\n\t\t<\/section>\n\t\t\t\t\t\t<\/div>\n\t\t\t\t\t<\/div>\n\t\t<\/div>\n\t\t\t\t\t\t\t\t<\/div>\n\t\t\t\t\t<\/div>\n\t\t<\/section>\n\t\t\t\t\t\t<\/div>\n\t\t\t\t\t\t<\/div>\n\t\t\t\t\t<\/div>\n\t\t","protected":false},"excerpt":{"rendered":"<p>H1 Partners e C6 Bank A H1 Partners \u00e9 integrante do CONEX\u00c3O C6, programa exclusivo de distribui\u00e7\u00e3o de servi\u00e7os e produtos banc\u00e1rios para empresas e pessoas f\u00edsicas do C6 BANK. Formada por profissionais especializados em servi\u00e7os financeiros e tecnologias digitais com mais de 20 anos de experi\u00eancia de mercado, visamos atender de forma exclusiva e [&hellip;]<\/p>\n","protected":false},"author":1,"featured_media":0,"parent":0,"menu_order":0,"comment_status":"closed","ping_status":"closed","template":"page-simg.php","meta":{"_acf_changed":false,"footnotes":""},"class_list":["post-231","page","type-page","status-publish","hentry"],"acf":[],"wps_subtitle":"","_links":{"self":[{"href":"https:\/\/h1partners.com.br\/blog\/wp-json\/wp\/v2\/pages\/231","targetHints":{"allow":["GET"]}}],"collection":[{"href":"https:\/\/h1partners.com.br\/blog\/wp-json\/wp\/v2\/pages"}],"about":[{"href":"https:\/\/h1partners.com.br\/blog\/wp-json\/wp\/v2\/types\/page"}],"author":[{"embeddable":true,"href":"https:\/\/h1partners.com.br\/blog\/wp-json\/wp\/v2\/users\/1"}],"replies":[{"embeddable":true,"href":"https:\/\/h1partners.com.br\/blog\/wp-json\/wp\/v2\/comments?post=231"}],"version-history":[{"count":28,"href":"https:\/\/h1partners.com.br\/blog\/wp-json\/wp\/v2\/pages\/231\/revisions"}],"predecessor-version":[{"id":276,"href":"https:\/\/h1partners.com.br\/blog\/wp-json\/wp\/v2\/pages\/231\/revisions\/276"}],"wp:attachment":[{"href":"https:\/\/h1partners.com.br\/blog\/wp-json\/wp\/v2\/media?parent=231"}],"curies":[{"name":"wp","href":"https:\/\/api.w.org\/{rel}","templated":true}]}}